{"id":793,"date":"2014-02-20T13:09:19","date_gmt":"2014-02-20T11:09:19","guid":{"rendered":"http:\/\/www.neurocomm.it\/?page_id=793"},"modified":"2019-12-14T01:05:23","modified_gmt":"2019-12-13T23:05:23","slug":"793-2","status":"publish","type":"page","link":"http:\/\/www.neurocomm.it\/?page_id=793","title":{"rendered":"Estetica Funzionale"},"content":{"rendered":"<p>Un buon processo produttivo dovrebbe sempre essere incentrato sull\u2019utente finale dell\u2019oggetto stesso, ma in tale senso la possibilit\u00e0 di errore \u00e8 purtroppo frequente, ed una delle possibili cause \u00e8 senz\u2019altro la difficolt\u00e0 di ricevere i corretti feedback dall\u2019utente nella fase di prototipizzazione.<\/p>\n<p>Tutti gli oggetti con cui ci rapportiamo ogni giorno hanno una forma, una trama cromatica, un peso, una consistenza al tatto. Essi dapprima suggeriscono e quindi instaurano con noi un\u2019interazione fisica, e ci\u00f2 avviene in due fasi, quella della osservazione pi\u00f9 simulazione di interazione e quella dell\u2019utilizzo vero e proprio.<\/p>\n<p><a title=\"mobile\" href=\"http:\/\/www.neurocomm.it\/?page_id=1134 \">Guarda un esempio di applicazione, mobile user experience<\/a><\/p>\n","protected":false},"excerpt":{"rendered":"<p>Un buon processo produttivo dovrebbe sempre essere incentrato sull\u2019utente finale dell\u2019oggetto stesso, ma in tale senso la possibilit\u00e0 di errore \u00e8 purtroppo frequente, ed una delle possibili cause \u00e8 senz\u2019altro la difficolt\u00e0 di ricevere i corretti feedback dall\u2019utente nella fase &hellip; <a href=\"http:\/\/www.neurocomm.it\/?page_id=793\">Continue reading <span class=\"meta-nav\">&rarr;<\/span><\/a><\/p>\n","protected":false},"author":1,"featured_media":0,"parent":0,"menu_order":0,"comment_status":"closed","ping_status":"closed","template":"sidebar-page.php","meta":[],"_links":{"self":[{"href":"http:\/\/www.neurocomm.it\/index.php?rest_route=\/wp\/v2\/pages\/793"}],"collection":[{"href":"http:\/\/www.neurocomm.it\/index.php?rest_route=\/wp\/v2\/pages"}],"about":[{"href":"http:\/\/www.neurocomm.it\/index.php?rest_route=\/wp\/v2\/types\/page"}],"author":[{"embeddable":true,"href":"http:\/\/www.neurocomm.it\/index.php?rest_route=\/wp\/v2\/users\/1"}],"replies":[{"embeddable":true,"href":"http:\/\/www.neurocomm.it\/index.php?rest_route=%2Fwp%2Fv2%2Fcomments&post=793"}],"version-history":[{"count":12,"href":"http:\/\/www.neurocomm.it\/index.php?rest_route=\/wp\/v2\/pages\/793\/revisions"}],"predecessor-version":[{"id":1292,"href":"http:\/\/www.neurocomm.it\/index.php?rest_route=\/wp\/v2\/pages\/793\/revisions\/1292"}],"wp:attachment":[{"href":"http:\/\/www.neurocomm.it\/index.php?rest_route=%2Fwp%2Fv2%2Fmedia&parent=793"}],"curies":[{"name":"wp","href":"https:\/\/api.w.org\/{rel}","templated":true}]}}